Let l(r) = r - 8. Let t be l(a). What is the remainder when 25 is divided by (9 + 0)*(t - -1)?
7
Let r(j) = -j**3 + 9*j**2 - 9*j + 2. Let t be r(8). Let d = 3 - t. What is the remainder when 819/49 - (-2)/7 is divided by d?
8
Suppose -3*a = -2*a. Suppose -s - s + 14 = a. Let l = 46 - 33. Calculate the remainder when l is divided by s.
6
Suppose 0 = x - j - 24, -3*x + 2*j = 2*x - 105. Let w = 80 + -43. Calculate the remainder when w is divided by x.
18
Suppose -48 = -0*w - 2*w. What is the remainder when w is divided by 9?
6
Let v(n) = -10*n - 8. Calculate the remainder when 122 is divided by v(-5).
38
Let w = -23 - -37. Let x = w + -10. Suppose x*g - 22 = -0*c - 3*c, -2*c - g = -18. What is the remainder when 28 is divided by c?
8
Let z(h) = -h**3 - 11*h**2 + 14*h + 2. Let m be z(-12). Let y = 12 - m. What is the remainder when y is divided by 9?
7
Suppose -2*c = -2*l + 32, l = -2*l - 2*c + 28. What is the remainder when 27 is divided by l?
3
Let y(q) = 7*q - 14. Calculate the remainder when 138 is divided by y(4).
12
Let m = -1 + 4. Suppose 8*b = 3*b + 30. Calculate the remainder when b is divided by m.
0
Let m = 6 - 8. Let l = m - -1. Calculate the remainder when l - (1*87)/(-3) is divided by 10.
8
Let x = 59 + -22. Calculate the remainder when x is divided by 10.
7
Let s = 9 - -15. What is the remainder when 95 is divided by s?
23
Suppose 0 = -0*o + 5*o + 5*z + 20, -10 = 4*o - 2*z. What is the remainder when (-3)/(-9) - 2/o is divided by 0*(-2)/4 - -1?
0
Suppose -1 - 13 = -2*l. What is the remainder when ((-1)/(-3))/(6/450) is divided by l?
4
Let u(y) = -y**2 - 6. Let j be u(0). Calculate the remainder when (0 + j)/((-2)/8) is divided by 5.
4
Suppose 5*d + 3*l - 96 = 0, -7*d + 80 = -2*d - 5*l. Let y(w) = -w**3 + 7*w**2 - w + 7. What is the remainder when y(5) is divided by d?
16
Let w = 30 - 25. What is the remainder when w is divided by 2?
1
Suppose i - 17 + 15 = 0. What is the remainder when i is divided by 2?
0
Let y = -10 - -32. Suppose 0*z + 43 = z. What is the remainder when z is divided by y?
21
What is the remainder when 31 is divided by (-4)/(15/20 - 1)?
15
Let f be (-2)/((-5)/((-195)/(-6))). Suppose -4*q + 206 = 2*s, -4*q + 91 = 5*s - 112. What is the remainder when q is divided by 4/(-2) + 7 + f?
16
Let s be (-4)/(-30) - (-17612)/210. Suppose -2*m - 3*m + 605 = 0. Let g = m - s. Calculate the remainder when g is divided by 13.
11
Suppose -5*z - 50 = -5*r, -3*z = r - 2*z - 12. What is the remainder when 2/4*124/2 is divided by r?
9
Let b = 42 - 35. Calculate the remainder when b is divided by 4.
3
Let u = 40 + -26. What is the remainder when 10/(1 - (-6)/(-8)) is divided by u?
12
Suppose -4*c + 34 = -26. What is the remainder when c is divided by (-10)/(-20) - (-34)/4?
6
Suppose -4*l = 88 - 280. Let h = l + -26. What is the remainder when 63 is divided by h?
19
Suppose 52 = -2*j + 6*j. Calculate the remainder when j is divided by 5.
3
Let p = -91 - -108. What is the remainder when 97 is divided by p?
12
Let a(v) = -4*v - 19. What is the remainder when a(-11) is divided by 7?
4
Let d(n) = -7*n + 3. Calculate the remainder when d(-4) is divided by -9*5/(-4) + 11/(-44).
9
Let v(m) = m**2 + 3*m + 4. What is the remainder when v(3) is divided by 6?
4
Suppose 0 = 3*c + 4*u + 12, 3*u = -2*c - u - 12. Suppose c = 3*x - 2*x - 4. Suppose -x*n = -n - 99. What is the remainder when n is divided by 17?
16
Suppose 0*z + 180 = 9*z. Calculate the remainder when 58 is divided by z.
18
Let a = -5 + 2. Let k be (-1)/(-1*1/a). What is the remainder when 26 is divided by 12 + -1 + (k - -1)?
8
Let i = -10 - -5. Calculate the remainder when 2/i + (-37)/(-5) is divided by 3.
1
Let k(x) be the first derivative of -3*x**2/2 - 2. What is the remainder when 22 is divided by k(-4)?
10
Let g(c) = 2*c + 3. Let i(v) = v - 9. Let o be i(7). Let w be g(o). Calculate the remainder when 26 is divided by w/((-1)/15) - 1.
12
Let h = 8 + -3. Let f = 19 + 9. Suppose 0 = r - 2*p - 7 - 9, -3*r + p = -f. What is the remainder when r is divided by h?
3
Suppose d - 4*a + 0*a = -22, 4*d + 64 = 4*a. Let s = -6 + 0. Let j = s - d. Calculate the remainder when 14 is divided by j.
6
Let y(a) = 3*a - 7. Calculate the remainder when 20 is divided by y(6).
9
Let v(p) = p + 1. Suppose 12 = -5*h + 9*h. Calculate the remainder when v(3) is divided by h.
1
Let i = 0 + 8. Let l = i - -11. Calculate the remainder when 1/(-3) + 112/3 is divided by l.
18
Suppose 5*n - 262 - 38 = 0. What is the remainder when n is divided by 16?
12
Calculate the remainder when 24 is divided by 351/18*2/3.
11
Let s = -12 + 15. Suppose s*x = 31 + 32. What is the remainder when x is divided by 6?
3
Let b = -32 - -48. Let z be (1/2)/(1/(-58)). Let p = z + 59. What is the remainder when p is divided by b?
14
Let o be (-16)/(-6) + 4/(-6). Let d = 59 - 33. What is the remainder when d is divided by (-3)/((-10)/(-6) - o)?
8
Suppose 4*i = 3*o + 17, -3*i = 2*o - o - 16. Suppose i*r = r + 12. Let z = 11 + -7. Calculate the remainder when z is divided by r.
1
Calculate the remainder when (-2)/(-12) - 555/(-18) is divided by 189/12 + 4/16.
15
Suppose 3*k - 7*k - 357 = -5*f, k + 3 = 0. Calculate the remainder when f is divided by 12.
9
Let d(i) = -i + 10. Calculate the remainder when 23 is divided by d(6).
3
Calculate the remainder when 4/8*-4 - -21 is divided by 4.
3
Let q(h) = -h + 1. Let b(n) = 2*n**3 + 3 + n**2 - 4*n**2 + 2*n**2 - 3*n. Let r(o) = b(o) - 4*q(o). What is the remainder when 2 is divided by r(1)?
0
Suppose -5*p + 7*k + 80 = 10*k, 4*p = 5*k + 64. Calculate the remainder when 90 is divided by p.
10
Suppose 3*c = 268 - 49. Calculate the remainder when c is divided by 25.
23
Let t = 28 + -26. What is the remainder when 22 is divided by -10*(t - 14/5)?
6
Let h be ((-416)/12)/4*-3. Suppose 4*o = -b + 11, -4*b + 4*o - 2*o + h = 0. Calculate the remainder when b is divided by 4.
3
Suppose t = -5*v + 17 + 8, 4*t + 44 = 4*v. Suppose 3*k = 4*b - 62, -42 = -2*b - 2*k - 2*k. What is the remainder when b is divided by v?
5
Let z(i) = 4*i - 4. What is the remainder when z(8) is divided by 15?
13
Suppose 9*g = -4*g + 442. What is the remainder when g is divided by 9?
7
Let c = 71 - -50. What is the remainder when c is divided by 31?
28
Let k be (-15)/(-6)*(-12)/(-10). Let s = 31 - k. Calculate the remainder when s is divided by 15.
13
Let g(i) = -i**2 + 12*i - 12. What is the remainder when g(7) is divided by 9?
5
Let m(j) = -2*j + 50. What is the remainder when m(0) is divided by 17?
16
Suppose 2*t = 3*o - 9, -o + 2*t + 0 = -3. Suppose 11 = o*p - 4. What is the remainder when 7 is divided by p?
2
Let z(b) = -2*b**2 - 30*b + 11. What is the remainder when 96 is divided by z(-15)?
8
Suppose 24 + 36 = 2*n. Suppose 0 = -4*i + 2*i + n. What is the remainder when 28 is divided by i?
13
Suppose -2*d = -3 - 1. Suppose -2*b - d*g + 20 = 0, 3*b - 5*g - 22 = -b. Let a = 14 + -9. What is the remainder when b is divided by a?
3
Let q(l) = -26*l - 48. Calculate the remainder when q(-9) is divided by 27.
24
Suppose -4*s = -4*l + 108, 26 = 2*l - 5*s - 40. What is the remainder when 89 is divided by l?
20
Suppose 2*i - 5 = 5. Suppose -3*t = c - 5, t + 1 = -0*c - 3*c. Suppose 0 = -2*r - t*l, 2 = -2*r + i*l + 9. Calculate the remainder when 1 is divided by r.
0
Let s = -74 + 146. Suppose q = 5*q - s. Calculate the remainder when 53 is divided by q.
17
Let w = 15 - 9. Suppose w*z - 15 = -5*c + 3*z, -2*z + 10 = 5*c. Suppose c = -4*n + 26 + 10. Calculate the remainder when 24 is divided by n.
6
Let s = -33 - -50. What is the remainder when 29 is divided by s?
12
Let h(l) = l**2 + 2*l + 4. Let f be (-3 - 0)*52/(-12). Let g = f - -7. Calculate the remainder when g is divided by h(-3).
6
Suppose 3*r = v + 212, 4 = 2*r - 3*v - 142. What is the remainder when r is divided by 25?
20
Let o = -22 - -42. What is the remainder when o is divided by 8?
4
Let j(n) = n**3 + 5*n**2 - 7*n. What is the remainder when 20 is divided by j(-6)?
2
Calculate the remainder when 57 is divided by 24 + (2*-1)/((-12)/(-24)).
17
Let m = 86 - 45. What is the remainder when m is divided by 11?
8
Let z = 93 - 52. Suppose 2*u + 2*f = 40, -3 = 2*u - f - 28. Calculate the remainder when z is divided by u.
11
Let i = -5 + 7. Let b(a) = 10*a**2 - 2*a + 1. Calculate the rem